he units digit of s?
2
Let o(c) = -2 + c - 2*c - 5*c - 2*c. What is the units digit of o(-2)?
4
Let w be 2*(-8 - 0)*-1. Let o be -3 + 11 + (-6)/(-3). Let c = w - o. What is the units digit of c?
6
Suppose 0 = 2*b + 3*b - 100. What is the units digit of 312/b - (-2)/5?
6
Let z(j) = 4*j**2 - 2*j. What is the tens digit of z(-3)?
4
Let w = 33 - 22. What is the units digit of w?
1
Let q be (4 - -2) + -2 + 1. Suppose -q*d = -41 - 9. Suppose -2*j + 6*j + 5*w = 33, -4*w = -2*j + d. What is the units digit of j?
7
Suppose -y + 24 = 4*f, -82 = -2*y - y - 2*f. What is the tens digit of y?
2
What is the units digit of (-2 + 2/3)*-12?
6
Let w = 17 - 7. Let l be (-4)/w*(1 - 36). What is the tens digit of (l*-1)/(-8 + 7)?
1
Let q = 67 + -41. What is the tens digit of q?
2
What is the tens digit of 1 + 1 - (-189 + 1)*1?
9
Let u = 198 + -67. What is the tens digit of u?
3
Let r(c) = -2*c - 11 - 5 + 6. What is the tens digit of r(-11)?
1
What is the hundreds digit of (-1302)/(-7) - (-3 - 2)?
1
Let c(t) = -2*t**3 - 10*t**2 - 7*t - 10. Let k be c(-7). Suppose 859 = 4*b + k. What is the tens digit of (2/(-6))/((-4)/b)?
1
What is the units digit of (84/16)/(-7) + (-1166)/(-8)?
5
Suppose -h + 3*i = -34, -23 = -2*h - i + 10. Let j = 11 - h. Let q = j - -9. What is the units digit of q?
1
Suppose 0*r = 2*y + 3*r + 3, -4*y = -5*r - 5. Suppose y = -3*n - 2*x + 31, -7 = 3*x + 5. What is the units digit of n?
3
Let h(s) = s**3 + 8*s**2 - 2*s + 3. Let p be h(-6). Suppose -4*q = -q - p. What is the tens digit of q?
2
Suppose -3 = -2*f - 21. Let k = f - -13. What is the units digit of k?
4
Suppose 2*f - 53 = -0*l - 3*l, 0 = f - 4. What is the tens digit of l?
1
Suppose 60 = -0*m + 2*m + z, -2*m + 60 = 5*z. What is the units digit of m?
0
Let j = -234 + 410. What is the units digit of j?
6
Suppose -4*q = 2*v - 78, -v - 5*q + 80 = v. Suppose -v = -6*o + o. What is the units digit of o?
7
Let i(m) = m**3 + 8*m**2 + 7*m + 7. What is the tens digit of i(-6)?
3
Suppose 2*u + 1 = 2*k + 7, -5*u + 2*k = -3. What is the units digit of 2 - (0 + (-4 - u))?
5
Suppose 2*p - 5*r - 4 - 32 = 0, -5*p + 3*r + 52 = 0. Let k = -3 + p. What is the units digit of k?
5
Suppose 5*c - 75 = 5. What is the tens digit of c?
1
What is the tens digit of 1 + 0 - (0 - (-1 - -94))?
9
Suppose -5*t - 9 = 5*v - 24, -2 = -3*v + 4*t. Suppose v*k + 19 = 5*o - 11, -4*o = -4*k - 36. Let r = -2 - k. What is the units digit of r?
3
Let j be (24/(-30))/(4/290). What is the units digit of 6/4*(-20 - j)?
7
Let b = -80 - -152. What is the units digit of b?
2
Let r be (-1 + (-26)/(-8))*4. What is the tens digit of (-135)/(-6)*6/r?
1
Let f be 8/52 - (-2)/(-13). Suppose 2*l + j - 15 = f, 4 = -2*l - 2*j + 24. What is the units digit of l?
5
Suppose 2*k - 128 = 4*g, -3*g + 12 = -3. What is the tens digit of k?
7
Let d = -52 - -88. What is the units digit of d?
6
Suppose -6*m - 15 = -m. Let t(r) = -r - 1. Let y be t(m). Suppose 5*x - 2*s = 24, -2*s = -2*x - y + 14. What is the units digit of x?
4
Let z(b) = b**2 + 3*b + 1. Let w = -5 + 1. Let r be z(w). Suppose -95 + 15 = -r*f. What is the tens digit of f?
1
Let z(h) = 6*h. Let v be z(1). Let b be ((-27)/v)/(3/4). Let q = b + 12. What is the units digit of q?
6
Suppose 3 = -0*s - s. Let v be s/(-6) - (-3)/2. Suppose -w + 0*w = -v. What is the units digit of w?
2
Let b(i) = i**2 + 2*i + 2. Let h be (4 - 2)*-1 + 6. Suppose 13 = w + 4*n, -n + h + 0 = 0. What is the units digit of b(w)?
5
Let c(m) = 7 + 2*m - 8 + 1. Let i be c(1). Suppose 0 = -4*n + 34 + i. What is the units digit of n?
9
Let g = 492 - 333. What is the units digit of g?
9
Let z = -9 - -8. Let c(p) = -27*p**3. What is the tens digit of c(z)?
2
Let c(u) = u**2 + 4*u - 10. Let m be c(-7). Suppose -5*t + m = 141. Let k = 36 + t. What is the tens digit of k?
1
Let n be 0/(0 + 1) + 3. Let v be (-138)/(-24)*4*1. Suppose v - 5 = n*z. What is the units digit of z?
6
Suppose -f - 1 + 10 = 0. Let o = f + 1. What is the units digit of o?
0
Suppose 0 = -4*b - 4 + 12. Let k(h) = 2*h + 0*h + 0 + h**2 + h**b - 2. What is the units digit of k(2)?
0
Suppose 3*y - 5 = 2*y. Suppose h = -2*w + y, 58 = 5*h - 2*w + w. What is the tens digit of h?
1
Let z(v) = -5*v + 7. Let h be z(-5). Suppose -5*i + 3 = -h. What is the units digit of i?
7
Suppose -o - 10 + 14 = 0. What is the units digit of o?
4
What is the hundreds digit of ((-18)/8)/((-15)/2020)?
3
Let k(z) = z**3 - 10*z**2 - 9*z + 11. What is the units digit of k(11)?
3
Suppose 4*t + 3*a = 268, 296 = 4*t + a - 5*a. What is the units digit of t?
0
Suppose 3*w = -0*w + 6. Suppose 5*j - 28 = j + 2*q, q = -w*j + 10. What is the units digit of j?
6
Let k be 3/(-1)*1/(-1). Suppose 0 = k*w - 5 - 10. What is the units digit of w?
5
Let m = -3 + 9. Let g = -14 + m. Let a = -3 - g. What is the units digit of a?
5
Let o be 40/20 - (1 - 2). Suppose -6 = -4*d + 6. Suppose d*q = -o + 42. What is the tens digit of q?
1
What is the units digit of -24*((-5)/2 + 2)?
2
Suppose -2*o - 1182 + 278 = -4*f, 2*f - 4*o - 452 = 0. What is the hundreds digit of f?
2
Suppose 4*u - 7 = 1. What is the units digit of u?
2
Let d(a) = a + 7. Let f be d(-7). Let w = 10 + 5. Suppose 5*j = -f*j + w. What is the units digit of j?
3
Suppose p = 1 + 4. Suppose -r - 192 = -p*r. What is the units digit of (-1)/(2/r*-2)?
2
Suppose 0 = 3*m + 4*w + 26 - 78, -5*m + 92 = 4*w. What is the units digit of m - (-2 - 1) - -1?
4
Let w(n) = n**2 - 11*n + 15. Let m be w(6). What is the units digit of (-55)/m - 1/(-3)?
4
Let g(h) = -h**2 - 12*h - 4. Let o be g(-8). Let r(f) = 4*f - 1. Let t be r(1). Suppose y + t*y - o = 0. What is the units digit of y?
7
Suppose 5*c + 0*c = 20. Suppose t = -3*g + 9, 2*t - 26 = -5*g + c*t. What is the units digit of g?
4
Let k(z) be the third derivative of z**6/120 - z**5/12 + z**4/12 - 5*z**3/6 - z**2. Let j be k(5). Let p(r) = -r**2 + 6*r + 6. What is the tens digit of p(j)?
1
Let v be (-1)/(-1 - 0)*13. Suppose 2*k = v + 3. What is the units digit of k?
8
Suppose 4*i = 5*n - 53, -3*i - 25 = 2*i + 2*n. Let c(s) = s**3 - 2*s**2 - 4*s. Let p be c(3). Let f = p - i. What is the units digit of f?
4
Suppose 4*k = 3*b - 78, 19 = b - 2*k + 3*k. Let x = -16 + b. Suppose m - x*m - 2*h = -20, -13 = 2*m + 5*h. What is the units digit of m?
6
Suppose 2*j + 2*u - u = 93, 5*j = 3*u + 238. What is the units digit of j?
7
Let w(h) = -h**2 - 6*h. Let a be w(-5). Suppose 2*y + 3*o = 29, 2*o - 18 = a*y - 62. Suppose k + k = y. What is the units digit of k?
5
Let m(g) = g**2 - g - 4. Let z be m(3). Let j(y) = -z - 4*y + 2 + 1. What is the units digit of j(-3)?
3
Suppose -5*u + 3*c = 78, -c = 3*u + u + 59. Suppose 4*k = -2*r - 10, 0*k - k + 1 = 4*r. What is the units digit of u/(k*1) - 2?
3
Let q = 34 + 83. What is the units digit of q?
7
Let m = -5 + 1. Let i = -4 - m. Suppose i*b + 4*b = 8. What is the units digit of b?
2
Let q(d) = 30*d - 4. Let z be q(4). Let j = 72 - z. What is the units digit of ((-1)/(-2))/((-2)/j)?
1
Let d(k) = 1 - 6 + 0*k - 5*k. What is the units digit of d(-5)?
0
What is the hundreds digit of (-70 - 0)/(2/(-3))?
1
Let q(k) = -k**2 - 5*k - 3. Let o be q(-3). Suppose 2*i + 3 = 3*a + 2*a, 3*i = o*a. What is the units digit of a?
1
Let o(l) = 14*l**2 + 3*l - 3. What is the units digit of o(2)?
9
Suppose t + 0*t = z - 3, 0 = -2*z - 5*t + 20. Suppose 0 = s - z*j - 14, 0 = 2*s + 5*j - 42 - 16. What is the tens digit of s?
2
Suppose -3*s - 4*n + 203 = -0*s, -4*s = 4*n - 276. What is the units digit of s?
3
Let s(b) = -4*b + 4. What is the units digit of s(-9)?
0
Let t(j) = 17*j**2. Let d be t(1). Suppose v - 2*w = 23, 2*v - 81 = -5*w - d. What is the tens digit of v?
2
Let r = 12 + -6. Let h be 3*(4 + 39/(-9)). What is the units digit of (-1 - -1 - r)*h?
6
Let i(k) = 3*k**2 - k. Let p be i(1). Let a(y) = -2*y**3 + 2 + 0*y - 4*y + 2*y - 4*y**p. What is the units digit of a(-2)?
6
Let q = -16 - -26. What is the units digit of q?
0
Suppose -3*j - 2*r = 2, -r - 4 - 8 = -4*j. Let m = -7 - -4. What is the units digit of -1*(-2 + m) - j?
3
Let x = 16 - 13. What is the units digit of x?
3
Suppose k - 13 = -c, -c = -k + 3*c - 12. Suppose 0 = 3*g - k*g + 130. Suppose 3*s = b + g, 2*s + 8*b - 3*b - 23 = 0. What is the units digit of s?
9
Suppose -15 = 2*j - 3*j. Suppose -j = 5*c - 65. Let q = 15 - c. What is the